ors of l.
2, 11
List the prime factors of ((-11816)/(-10) + (-6)/10)*1.
1181
Let f = -62 + 144. Let w = -23 + f. List the prime factors of w.
59
Let h(t) = 10*t**2 + 15*t - 33. List the prime factors of h(-10).
19, 43
Suppose -520 = -4*d - 0*d. Suppose 5*i = -2*j + i + d, -i = 2*j - 133. List the prime factors of j.
67
Suppose 65*t + 394 = 67*t. List the prime factors of t.
197
Let p be 3/(-2) - 588/(-8). What are the prime factors of p + (4/1)/4 + 1?
2, 37
Let v(h) be the second derivative of 13*h**4/12 + h**2 - 4*h. Let y be (-11)/5 - 7/(-35). What are the prime factors of v(y)?
2, 3
Let z be ((-24)/9)/(5/(-15)). Suppose z*s + b - 185 = 4*s, 5*b = -15. What are the prime factors of s?
47
Suppose -13*n - 13688 = -21*n. List the prime factors of n.
29, 59
Let m(t) = -625*t + 44. What are the prime factors of m(-1)?
3, 223
Let o(q) = -4*q**2 - 2*q + 64. What are the prime factors of o(0)?
2
Suppose -3*q - 8 = -5*q. Suppose j - 4*m + 15 = 4*j, -q*j - 3*m = -20. Suppose -j*a + 72 = -a. List the prime factors of a.
2, 3
Let p(c) = -c**3 - 19*c**2 + 22*c + 40. Let q be p(-20). Suppose 5*i - 3*v = -q*i + 1014, 0 = -v + 2. List the prime factors of i.
2, 3, 17
Let g be (-4)/(-16) + 15/4. Suppose -14 = 3*o + g*h - 55, -2*h - 84 = -4*o. Suppose -4*q + o = -37. List the prime factors of q.
2, 7
Suppose -27 = 3*n + 3*i, -2*i + 44 - 2 = -3*n. Let j = n + 20. Suppose 4*v - 24 = -j. What are the prime factors of v?
2
Suppose 2*p - 15 = 5*p. Let k(j) = -18*j - 16. List the prime factors of k(p).
2, 37
Let n(p) = -p**2 + 5*p + 19. Let i be n(7). Suppose i*v + 3*k - 837 = 0, 5*v - 841 = 3*k - 2*k. List the prime factors of v.
2, 3, 7
Let u(q) = -2*q + 2*q**2 - 3*q - q + 2*q + 1. Let o = 1 + 4. What are the prime factors of u(o)?
31
Let j(g) be the third derivative of -g**6/120 - 7*g**5/60 - g**4/6 + 4*g**3/3 - 2*g**2. Let s = -82 + 75. List the prime factors of j(s).
2, 3
Suppose -5*s + 1520 = 2*b, 2*s - 1535 = -3*s - 5*b. Suppose 6*a - 334 = s. Suppose 119 = 5*g - a. What are the prime factors of g?
3, 5
Suppose 5*k = 2*k + 6. Suppose o + k = 0, 4*o = 5*m - 0*o - 253. Suppose -w - m = -5*y + 2*y, -3*w + 45 = 3*y. List the prime factors of y.
2
Suppose 55 - 59257 = -18*k. List the prime factors of k.
11, 13, 23
Let y be 105/28 - 4/((-32)/(-6)). Let c(b) = 38*b**2 - 2*b. Let x be c(2). Suppose -g = y*g - x. List the prime factors of g.
37
Let b(t) = -t**3 - 7*t**2 - 2*t - 10. Suppose -2*o - 8 = 6. Let r be b(o). Suppose 18 = -r*k + 142. What are the prime factors of k?
31
Let l = 119 + 451. List the prime factors of l.
2, 3, 5, 19
Let z(y) = 3*y**2 + 25*y - 326. List the prime factors of z(-41).
2, 13, 71
Suppose 0 = -5*t - 22 - 43. Let u(q) = -3*q + 8. What are the prime factors of u(t)?
47
Let x = 11 - 4. Suppose 0 = -5*n - x + 17. List the prime factors of ((-8)/12)/(n/(-57)).
19
What are the prime factors of ((-514)/(-3) - -1)/(20/360)?
2, 3, 11, 47
What are the prime factors of (-13)/(-52) + -1 + 12470/8?
2, 19, 41
Let w(q) = 3*q**3 + 2*q**2 - 7*q + 5. List the prime factors of w(3).
83
Suppose -6 = -95*w + 93*w. Suppose -568 = -w*t - 5*p, -4*t - 3*p + 480 + 270 = 0. List the prime factors of t.
2, 3, 31
Suppose -5*a + 3747 = 4*b, 0 = -2*b - 2*b + 2*a + 3726. List the prime factors of b.
3, 311
Let h = -660 - -1231. List the prime factors of h.
571
Let d = -6600 + 9587. What are the prime factors of d?
29, 103
Let j be 4 - -2 - (18 + -17). Let g = -1 - -1. Suppose 0*i + 4*i = -4*c + 148, -4*c + j*i + 103 = g. List the prime factors of c.
2
Let l(q) = -3*q + 33. Let n(u) = -7*u + 66. Let d = 18 + -13. Let p(b) = d*l(b) - 2*n(b). List the prime factors of p(15).
2, 3
Let j be (-5)/3*-58 + (-3)/(-9). Suppose -2*v + j = -115. What are the prime factors of v?
2, 53
Let s(w) = -w**3 + 3*w**2 - 2. Let p = -2 + 8. Let m = p - 4. List the prime factors of s(m).
2
Suppose 5*v + 6919 = 3*z, 152*z - 151*z - 4*v = 2311. What are the prime factors of z?
7, 47
Let c(r) = -r**2 - 10*r + 14. Let q be c(-11). Suppose -5*a + 2*k + 48 = -52, 0 = q*k. What are the prime factors of a?
2, 5
Let z(s) = s**2 - 4*s - 9. Let x be z(-6). What are the prime factors of (x/(-12))/((-4)/16)?
17
Suppose -27408 = -9*i + 10878. List the prime factors of i.
2, 3, 709
What are the prime factors of 1/(9657/4827 + -2) + 0?
1609
Suppose -22*w = -20*w - 748. What are the prime factors of w?
2, 11, 17
What are the prime factors of (-76872)/(-22) + 0 - (-152)/(-836)?
2, 1747
Let m = -406 + 580. Suppose -125 = -3*l - 5*b, -5*b = -3*l + m + 1. What are the prime factors of l?
2, 5
Suppose -2207 - 1969 = -18*j. List the prime factors of j.
2, 29
Let u = -6 + 5. Let o(x) = -20*x**3 + 2*x**2 + x. Let q be o(u). What are the prime factors of 0/3 + (q - -2)?
23
List the prime factors of (-4)/(-18) - (-315)/(-243)*-1167.
17, 89
Suppose r + r = u + 273, 0 = -3*u - 15. List the prime factors of r.
2, 67
Let h = 113 + -109. Let j(g) = 5*g**2 - 4*g + 9. Let f(p) = p**2 + 1. Let v(m) = -4*f(m) + j(m). What are the prime factors of v(h)?
5
Suppose 160 - 556 = 12*a. Suppose 4*u - 2*r = -r + 143, 5*r + 12 = u. Let q = u + a. List the prime factors of q.
2
Suppose z - 233 = 3*h + h, 2*z - 5*h = 451. Suppose z = a - 3*s, -5*a + 1135 = 6*s - 7*s. What are the prime factors of a?
2, 3, 19
Let g = -3 - 5. Let p = -12 - g. Let d = p + 9. What are the prime factors of d?
5
Suppose -3372 - 14634 = -6*w. List the prime factors of w.
3001
Suppose -6*t + 833 + 235 = 0. Suppose 0 = -4*p + t + 86. List the prime factors of p.
2, 3, 11
Let d be (-73)/3 + (-42)/63. Let z be (-237)/(3/(-1)) + -2. Let k = z + d. List the prime factors of k.
2, 13
Let n be 3/1 + (3 - (-4)/2). Let b(c) = 4*c**2 - 16*c - 7. What are the prime factors of b(n)?
11
Let c(v) = -161*v - 40. What are the prime factors of c(-3)?
443
Let t(u) = -27*u**3 + 2*u - 1. Let k be t(1). Let d = k + 11. What are the prime factors of (-3*1)/(d/25)?
5
Let r = 7 + 6. Let w = -15 + r. List the prime factors of 2/w - (-20)/2.
3
Suppose -108 = 5*g - g. Let j = 47 + g. List the prime factors of j.
2, 5
Suppose -2*n - 6 = -4*j, -2*j + 3*n = n - 6. Let z be 5 - 4 - (3 + j). List the prime factors of 46/69*(-111)/z.
37
Let u = 115 + -51. Let z(q) = -4*q - 16. Let m be z(-4). Suppose -x - 2*k + 40 = m, 3*x - 2*k - u = 40. List the prime factors of x.
2, 3
Let s = -40 + 405. List the prime factors of s.
5, 73
Suppose 13 + 371 = 6*u. Suppose -3*o = -2*h + 12 - 39, -5*o - 3*h = -u. Suppose -4*s = -o*s + 133. List the prime factors of s.
19
Suppose 5*f = -3*y + 30 + 37, 4*f + 2*y - 54 = 0. Suppose -5*c = -u - 15, 0 = -3*c - u - 3*u - f. List the prime factors of -1 - (c - (-1 + 24)).
2, 5
Suppose 4234 + 3166 = 25*z. What are the prime factors of z?
2, 37
Let f = 2 + 1. Let x(l) be the third derivative of 3*l**5/20 - l**4/6 - 2*l**3/3 - 12*l**2. What are the prime factors of x(f)?
5, 13
Let p = 9447 + -5953. List the prime factors of p.
2, 1747
Let l = -28 - -149. Suppose -9*o + 8*o = -l. What are the prime factors of o?
11
Suppose 4*w - 2383 = -w - 4*v, 3*w + 5*v - 1435 = 0. What are the prime factors of w?
5, 19
Let d be -1 + (-8)/2 + 8 + 36. Suppose -s + d + 59 = 0. What are the prime factors of s?
2, 7
Let t(s) = 433*s**3 + 2*s**2 + s - 3. List the prime factors of t(1).
433
Let k(x) = 2*x**3 - 7*x**2 - 8*x + 12. Let u be k(6). Let t = u + -80. List the prime factors of t.
2
Suppose -5*t + 4*t + 1 = 0. Let o(r) = r**3 - r - 1. Let x(g) = -g - 1. Let p(k) = 3*o(k) - 3*x(k). What are the prime factors of p(t)?
3
Let p = -1624 - -3040. List the prime factors of p.
2, 3, 59
Suppose 9*g + 192 = 1110. List the prime factors of ((-5)/2)/((-3)/g).
5, 17
Let x = 45 - -16. Suppose 5*d + 0*d + x = 3*c, -d + 3*c = 17. What are the prime factors of (-15 - d) + (35 - 0)?
31
Let b = -981 - -3549. What are the prime factors of b?
2, 3, 107
Let x(n) = 2*n - 3. Let j be x(1). List the prime factors of (6 + j)/((-1)/(-17)).
5, 17
Let u be (5 + (-30)/(-18))*9*-1. List the prime factors of ((-24)/u)/((-2)/(-980)).
2, 7
What are the prime factors of 1254/15 + 9/(45/2)?
2, 3, 7
Suppose 8*j - 742 = 3778. What are the prime factors of j?
5, 113
Suppose l = -2*l + 9. Let z be -284*(7/(-2) + 32 + -29). Suppose -l*t + z = -t. What are the prime factors of t?
71
Suppose 114 = 7*c - 138. Suppose -4*f = 